46. Suppose 2*h + n = i. What is the highest common factor of 9 and h?
3
Suppose 2*c - 42 = -3*s + 12, 3*c + 5*s - 80 = 0. Let x = -261 - -306. What is the highest common divisor of c and x?
15
Let p be 2/8 - -966*5/40. What is the greatest common divisor of 11 and p?
11
Let a be ((-5)/10 - (-104)/16)*46. Calculate the highest common divisor of 36 and a.
12
Let z(q) = 83*q - 31. Let d be z(2). Calculate the highest common divisor of d and 45.
45
Let q(w) = -w**2 + 16*w - 24. Let x be q(14). Suppose z = 4, x*z = -3*n + 136 + 6. What is the greatest common divisor of n and 378?
42
Suppose -2*m = 5*s - 0*m - 36, -m = 2*s - 14. Let q be (-517)/(-44) - (-2)/s. Let t be 2/6 - (-11)/3. Calculate the highest common factor of t and q.
4
Suppose 6*f - 7*f = -23. Suppose -3*q - 2*x = -4*q + f, -x = 4*q - 74. What is the greatest common divisor of q and 76?
19
Suppose 7*y - 14*y = -1617. What is the highest common divisor of 385 and y?
77
Let w(p) = -p**2 - 10*p - 14. Let c be w(-11). Let x = 34 + c. Calculate the greatest common factor of 27 and x.
9
Suppose 0 = -38*v + 32*v + 150. What is the greatest common factor of v and 4?
1
Let o(s) = s**3 - 3*s**2 - 9*s - 2. Let h be o(5). Suppose 0 = -w - h*z + 10, -z = w - 5*w + 14. What is the greatest common factor of 24 and w?
4
Let a(f) = 52*f**3 - 2*f**2 + 3*f - 2. Let c be a(1). Suppose 5*i - 64 = c. What is the highest common factor of i and 23?
23
Suppose 5*a - 100 = 5*u, 22*a - 25*a - u + 60 = 0. What is the greatest common factor of a and 65?
5
Suppose 5*p - 225 = -40. Suppose 35*q + 2 = p*q. Let v(m) = 14*m - 2. Let i be v(q). What is the greatest common factor of 12 and i?
12
Suppose g = -6*g + 952. Let i(x) = x**2 + 4*x + 5. Let s be i(-6). What is the highest common divisor of g and s?
17
Suppose 6*t = 547 + 251. Calculate the greatest common divisor of t and 7.
7
Let y be 3 - (-3)/((-6)/(-118)). Suppose 0 = -3*r + 4*u + y, -3*r = -0*u + 2*u - 68. Let k = -131 - -142. What is the greatest common factor of r and k?
11
Let m = 452 - 100. Calculate the highest common factor of 11 and m.
11
Let n be ((-6)/4 - 852/8)/(-1). Let j = 121 - n. What is the greatest common factor of 52 and j?
13
Let b(m) = 2*m + 16. Let o be b(-6). Suppose 127 = 2*s - 3*j - 2*j, s = o*j + 71. What is the greatest common factor of s and 34?
17
Let m = 3 + 11. Let c(o) = 15*o**3 - 2*o**2 + 2*o - 1. Let j be 3/12 + (-6)/(-8). Let y be c(j). What is the greatest common factor of y and m?
14
Let j = 55 - 31. Let k be ((-3)/(-4))/((-8)/(-128)). Calculate the greatest common divisor of j and k.
12
Let h be 7 - (-9)/(-18)*(-1 - -1). What is the highest common divisor of h and 1183?
7
Let y = -386 + 1660. What is the highest common divisor of y and 26?
26
Suppose 1 = -2*a - 5*m, 4*m = -0*m - 4. Let k be (-5 + a)/(1/(-2)). Calculate the highest common factor of 15 and k.
3
Suppose 0 = 7*s - 11*s + w + 121, -w = -3*s + 91. Calculate the greatest common factor of 285 and s.
15
Suppose -53*y + 59*y = 252. What is the greatest common factor of 168 and y?
42
Suppose 0 = 13*k + 139 - 477. Calculate the greatest common factor of 299 and k.
13
Let c = 14 - 10. Let k be 2*2/8*c. Suppose -k*l - 5*h = -0*l, -3*h - 22 = -l. Calculate the greatest common divisor of l and 2.
2
Let y be (1/3)/(2/102). Let z(o) = o**2 - o + 153. Let p = -2 - -2. Let r be z(p). What is the highest common divisor of r and y?
17
Let t = -388 - -628. Calculate the highest common factor of 15 and t.
15
Let r(w) = 60*w + 268. Let m be r(-4). Suppose -h - 28 = -2*h. What is the highest common divisor of m and h?
28
Let h(o) = -3*o + 4. Let t be h(0). Suppose -t*b + 31 = 5*i - 54, 0 = -i - 3. Let u = b + -13. Calculate the greatest common factor of 108 and u.
12
Let v = 29 + -26. Suppose 2 = v*t - 43. What is the greatest common factor of t and 15?
15
Let a = 204 + -199. Let b(r) = 3 + 0 + 3*r**2 + 2*r**2 + r. Let q be b(-3). Calculate the highest common divisor of q and a.
5
Suppose -7*h = 7*h - 182. Suppose 180 = -4*g + h*g. Suppose -158 = -5*o - 4*d, -92 = -3*o - 0*d - d. What is the highest common divisor of o and g?
10
Suppose -19*s + 16*s + 110 = 5*w, 5*s - 3*w = 240. Calculate the greatest common divisor of s and 675.
45
Suppose -z - 5*o + 4 = -7, z = -4*o + 8. Let r be (2 + (-44)/z)*-1. Let q = 25 + r. What is the greatest common divisor of 12 and q?
12
Suppose -147*v = -158*v + 605. What is the highest common factor of 715 and v?
55
Let y be 24/28 - 36054/(-126). Calculate the highest common divisor of y and 7.
7
Let h be (48/(-10))/((-2)/(-15)). Let m = h + 7. Let l = -9 - m. What is the greatest common factor of 60 and l?
20
Let r be 10/(4 + -1 + -1). Let i(f) = -r + 3 + 3 - f + 2*f**2 - 2. Let u be i(-2). What is the greatest common factor of u and 81?
9
Let i = -65 - -80. Calculate the greatest common factor of i and 30.
15
Suppose -699 + 237 = -7*f. Let r = -54 + f. What is the highest common factor of 6 and r?
6
Let d be (-8730)/(-50) - 9/15. What is the greatest common factor of 9 and d?
3
Suppose -21*y - 4*y = -1250. What is the highest common factor of 90 and y?
10
Suppose -5*s = 2*g - 0*g - 33, 4*g - 108 = 4*s. What is the highest common factor of 96 and g?
24
Let j(h) = -h**2 - 6*h + 11. Let i be j(-7). Suppose i*p = 6*p - 18. Let o(y) = -4*y + 2. Let w be o(-1). What is the greatest common factor of w and p?
3
Let o(q) = -347*q + 3240. Let g be o(9). Suppose 3*k = -3*n + 69, -3*n + 0*k + 93 = -5*k. What is the greatest common divisor of n and g?
13
Suppose w = 3 + 7. Suppose -12*m = -w*m - 2. Calculate the highest common factor of 5 and m.
1
Let a = -173 - -221. Let r = -19 - -139. Calculate the greatest common divisor of r and a.
24
Let i(n) = -n**3 + n - 1. Suppose -q = -7 + 6. Let y be i(q). Let t be (-33)/((2 - 2) + y). Calculate the highest common factor of 3 and t.
3
Let t = -38 - -62. Let f(x) = 2*x**2 + 72*x + 46. Let u be f(-37). What is the highest common divisor of t and u?
24
Let c be (8/10)/(2/20). Let d be (18/c)/((-3)/(-12)). What is the greatest common factor of 99 and d?
9
Suppose 0 = -4*o - 9 - 11, -2*m + 345 = -o. Calculate the highest common divisor of m and 34.
34
Let t(r) be the first derivative of -73*r**2/2 - r + 3. Let h be t(-2). What is the highest common divisor of 29 and h?
29
Suppose 3*c - 33 - 12 = -3*d, 0 = -c + 5*d + 15. What is the greatest common factor of 9 and c?
3
Let g(u) = 13*u**2 + 3*u + 4. Let w be g(-2). Suppose 18 - w = -4*m. What is the highest common divisor of m and 88?
8
Suppose b + 0*b - 2 = 0. Suppose 13 = 5*u + 2*l, -2*l + 2 + b = -4*u. Let p be 100/45 - 4/18. What is the greatest common factor of p and u?
1
Let o(g) be the second derivative of -g**5/20 - 3*g**4/2 - 11*g**3/3 + 15*g**2/2 - 14*g. Let x be o(-17). Calculate the greatest common divisor of x and 25.
25
Let q be -1 - -16 - 2/(-2). Let y be ((-50)/100)/((-2)/(-4) + -1). Let k(o) = 26*o + 6. Let t be k(y). Calculate the greatest common divisor of t and q.
16
Suppose 8*y + 4 = 12*y. Let t be (-1)/(-1) - (-21)/y. Calculate the greatest common factor of 88 and t.
22
Let l be -12 + 27/((-378)/(-5656)). What is the greatest common factor of l and 56?
56
Suppose -4*c = -46 + 34. Suppose -3*i + 366 = 2*i + c*w, 0 = -3*i + 3*w + 210. Calculate the greatest common factor of 8 and i.
8
Suppose 0 = 91*l - 95*l + 260. Calculate the greatest common divisor of l and 20.
5
Let b = 229 - 193. What is the greatest common divisor of 756 and b?
36
Suppose 2*d = 3*d + 16. Let j = 22 + d. Calculate the greatest common factor of 6 and j.
6
Let y be -4*(-1 - 152/32). Calculate the highest common factor of 506 and y.
23
Suppose -3*y + 0 = 5*i - 75, 0 = 5*y + i - 103. What is the greatest common divisor of 830 and y?
10
Suppose -2*x + 36 = 10*x. Suppose -a = -h, 4 = 5*a - x*a. What is the highest common divisor of 4 and h?
2
Let h(f) = 2*f**2 + 27*f + 41. Let x be h(-13). Calculate the highest common divisor of 252 and x.
28
Suppose -4*n + 31 = 5*l - 37, 0 = -3*n - 6*l + 60. Let k(z) = z**2 - 3*z. Let i be k(6). Calculate the highest common factor of n and i.
6
Let d = 7 + -6. Let w be (2 - 0) + 0 + d. Calculate the greatest common factor of w and 15.
3
Suppose 6*a - 226 - 1898 = 0. Calculate the highest common divisor of a and 472.
118
Suppose -79*q + 80*q - 95 = 